ed by v(5)?
7
Let v = 64 - 12. Let r = v + -33. Calculate the remainder when r is divided by 12 - (-1 - -2) - 1.
9
Let x(v) be the first derivative of v**3/3 + v**2/2 + 3*v + 1. Let a be -1 + -4 - (-7 + 2). What is the remainder when 11 is divided by x(a)?
2
Let i(o) = -o**2 + 14. What is the remainder when 20 is divided by i(0)?
6
Let u = -10 - -18. Suppose 0 = x + 3, -3*y - 3*x - 1 = -58. What is the remainder when y is divided by u?
6
Suppose 4*x = 6*x - 30. Suppose -19 = -t - t + 5*v, 4*t - 4*v - 20 = 0. Calculate the remainder when (-4)/t - (-1 - 29) is divided by x.
13
Let i = 30 + -15. What is the remainder when 44 is divided by i?
14
Let s = -133 - -222. Calculate the remainder when s is divided by 15.
14
Let h(n) = 3*n**2 - n - 2. Calculate the remainder when h(3) is divided by 440/36 + (-2)/9.
10
Suppose -2*m = 100 - 28. Let r = -22 - m. Let d = r - 10. Calculate the remainder when d is divided by 2.
0
What is the remainder when (-24)/(-18)*(-1 + 10) is divided by 7?
5
Suppose 5*p - 80 = -0*p. Calculate the remainder when 60 is divided by p.
12
Let g(f) = f**3 - 11*f + 4 + 2*f + 1 - f**2 + 9*f**2. Suppose -3*u = 26 + 1. Calculate the remainder when 7 is divided by g(u).
2
Let b(v) be the third derivative of v**4/24 - v**3 - 4*v**2. Let h be b(6). Let q = h - -18. Calculate the remainder when q is divided by 5.
3
Let r(i) = 5*i**2 - 3*i - 3. What is the remainder when 89 is divided by r(-2)?
20
Let h(n) = -8*n - 13. Calculate the remainder when 209 is divided by h(-6).
34
Let v be (-1 - 0)*(-3 - -1). Suppose v*m = 3 + 1. Suppose -m*q + 21 = 1. Calculate the remainder when 29 is divided by q.
9
Let d = 109 + -68. Let f(u) = 4*u - 2. Calculate the remainder when d is divided by f(4).
13
Let x(d) = -2*d - 10. Let k be x(-6). Let o = 39 - k. What is the remainder when o is divided by 13?
11
Let p be (-2 - -4) + -9 + 1. Let r be (-100)/15*p/(-4). Let b(h) = h**3 + 11*h**2 + 8*h + 6. What is the remainder when b(r) is divided by 14?
12
Let a(f) = -f + 5 + 3 + 8 + 4 - f**2. Calculate the remainder when a(0) is divided by 11.
9
Let d = -33 + 40. What is the remainder when 8 is divided by d?
1
Let v = 176 - 102. Let q = -49 + v. Calculate the remainder when q is divided by (13/(-1 - 0))/(-1).
12
Let w = -12 + 22. Let s(m) = -m**2 - 3*m + 3. Let o be s(-3). Suppose -x + 2*i + 18 = 0, o*i - 122 = -3*x - 23. What is the remainder when x is divided by w?
8
Calculate the remainder when (((-4110)/(-8))/5)/((-33)/(-44)) is divided by 35.
32
Let x be 9 + -4 + 1*-3. Suppose f = 3*k + 3, 0 = -2*k + 2*f - 6*f - x. Calculate the remainder when (42/8)/(k/(-4)) is divided by 12.
9
Suppose -4*n = -0*o + 5*o - 60, 3*n - 34 = -o. Calculate the remainder when n/25 + (-366)/(-10) is divided by 10.
7
Let u = -65 - -97. Suppose 6*i - 68 = 2*i. What is the remainder when u is divided by i?
15
Let m = -39 + 55. Suppose 5*c = 3*v + 21, -8 = -0*v + 4*v. Suppose 5*n = 2*g + 3*g + 50, 0 = -c*n + 5*g + 38. Calculate the remainder when m is divided by n.
4
Let f(p) = -2*p**2 + 7*p - 4. Let s = -7 + 12. Let i be f(s). Let d = -13 - i. What is the remainder when 17 is divided by d?
5
Suppose -4*x = -2*c + 28, -24 = -3*c - 3*x - 0. What is the remainder when 47 is divided by c?
7
Let r = 17 - 10. Calculate the remainder when r is divided by 3.
1
Let q be (-16)/6*(-1 + 10). Let y = q - -35. What is the remainder when y is divided by 6?
5
Let v = 12 - 7. Suppose x + 3*w - 66 = 0, 0 = v*x - 5*w - 40 - 230. What is the remainder when x is divided by 15?
12
Let h(f) = -f**2 + 15*f - 9. What is the remainder when 65 is divided by h(13)?
14
Suppose 5*l - 4*l = 2. What is the remainder when 6 is divided by l?
0
Calculate the remainder when 2*(2/((-8)/(-70)) + -2) is divided by 19.
12
Suppose 2*m - 4*f - 92 = 0, -4*f - 134 = -2*m - m. Suppose 4*t + 1 = -5*s, -3*s + 5*t - 13 = -m. Let k = -1 + s. Calculate the remainder when 3 is divided by k.
1
Let x = 58 + -40. Calculate the remainder when (-71)/(-2) - 2/4 is divided by x.
17
Let y(h) = 0 + 13*h + 0*h + 0. Calculate the remainder when y(1) is divided by 7.
6
Let o be ((-2 - -4) + -21)*-1. Let u = o + -6. Suppose 0 = 2*q - 50. Calculate the remainder when q is divided by u.
12
Suppose -5*l + 10 = -5. Suppose -30 + 9 = -l*m. Calculate the remainder when m is divided by 4.
3
Suppose -4*h - 7 + 18 = -5*f, 4*h = 4*f + 8. Let p = h + 10. Calculate the remainder when 16 is divided by p.
7
Let i(y) = -y**2 + 5*y - 2. Let l be i(4). Suppose 0 = -l*p - 2*p + 232. What is the remainder when p is divided by 20?
18
Let i be (0*2/6)/2. Suppose i = 4*u - 0*u - 4*d, 2*u - 21 = -5*d. Suppose 36 = 2*k + 2*t, k - u*t = -4 + 14. What is the remainder when k is divided by 9?
7
Let h = 4 - 6. Let x be ((-1)/3)/(h/174). Suppose a - 2*t - x = 0, 3*t + t = -2*a + 18. What is the remainder when a is divided by 10?
9
Let h(c) = 39*c + 1. Let s be h(1). Calculate the remainder when 3/(-2 - (-84)/s) is divided by 11.
8
Suppose 4*x - 36 = 12. What is the remainder when 3151/69 - (-4)/(-6) is divided by x?
9
Suppose -3*b + 7 = -2*b. What is the remainder when b is divided by 4?
3
Let m(y) = -y**3 - 7*y**2 - 10*y - 8. Calculate the remainder when 62 is divided by m(-6).
14
Let g = -9 + 45. Let l(u) = 2*u**3 - u**2 - 4*u + 2. Let x be l(3). Suppose -5*s + 2 = w - 2, -2*w - s = -x. What is the remainder when g is divided by w?
17
Suppose 8 = 5*v - 12. What is the remainder when 6 is divided by v?
2
Let m = 3 + 0. Suppose -3*i - 6 = -x + 6, m*x + 5*i - 22 = 0. Calculate the remainder when 24 is divided by x.
6
Let y(l) = -1 - 8*l**2 + 0 - 7*l + l**3 - 13. What is the remainder when (-26)/8*(0 - 4) is divided by y(9)?
1
Let y(k) = k**2 - 7*k - 41. What is the remainder when y(-9) is divided by 26?
25
Let t(g) = -5*g**2 - 1. Let k be t(-2). Suppose 5*d + 5 = 0, -3*u - 3*d = -9 - 84. Let l = k + u. Calculate the remainder when 32 is divided by l.
10
Suppose 0 = -5*a + 2*a + 18. Suppose 15 = 5*p + h - a, p = 2*h + 2. Calculate the remainder when 9 is divided by p.
1
Suppose 6*f = f + 120. Suppose -f = -2*d - 8. Calculate the remainder when 21 is divided by d.
5
Suppose -3*q - 2*f = -29, -5*f - 1 = -q - 2*q. What is the remainder when 41 is divided by q?
6
Suppose 0 = -3*q + 135 + 15. Let n = -16 + q. What is the remainder when n is divided by 12?
10
Let z = 5 + 0. Suppose 13 = z*g + 53. Let u = -4 - g. Calculate the remainder when 10 is divided by u.
2
Calculate the remainder when (66/(-4))/(-11)*10 is divided by 1/4 - 62/(-8).
7
Suppose -4*b = 5*n - n - 36, 4*b - 36 = -5*n. Suppose 0 = 2*l - 3*h - 6 + 21, -1 = -h. Calculate the remainder when l/(-27) - (-241)/b is divided by 7.
6
Let p(l) = 3*l + 5. Let u = -7 + 12. What is the remainder when ((-12)/18)/(4 - (-229)/(-57)) is divided by p(u)?
18
Let b(g) = g**3 + 2*g + 1. Let q be b(3). Suppose 0*s - s + q = 0. Calculate the remainder when s is divided by 12.
10
Let u = -48 + 104. Suppose 3*i - u = 34. Calculate the remainder when i is divided by 11.
8
Suppose -2*f = 5*d - 67, 2*d - 3*d = -3*f - 10. Let n be (-12)/14*(-7)/1. Suppose -3*x - 72 = -n*x. What is the remainder when x is divided by d?
11
Let z = 13 - 8. Let c(g) be the first derivative of -g**2/2 + 7*g + 3. What is the remainder when c(z) is divided by 1?
0
Suppose h = -0*h + 3. Suppose -h*z - 5*p + 24 = 0, -4*z + 4*p + p - 3 = 0. Calculate the remainder when 5 is divided by z.
2
Suppose 0 = -4*r - 5 - 3, 5*r + 10 = -2*q. Suppose q = -0*v - 4*v + 144. Calculate the remainder when v is divided by 10.
6
Let k = 0 + 1. Calculate the remainder when (18 - -1) + (-2)/k is divided by 9.
8
Suppose 0 = -0*p - 4*p + 840. Suppose -p + 10 = -5*q. What is the remainder when q is divided by ((-72)/27)/8 + (-43)/(-3)?
12
Let l(k) = 12*k - 7. Calculate the remainder when 48 is divided by l(2).
14
Suppose 0*d = 3*d - 75. Calculate the remainder when 122 is divided by d.
22
Suppose 4*b - 15 = 3*m + 5, -2*m = -3*b + 14. Let z = m + 14. Calculate the remainder when (2/(-1))/((-1)/9) is divided by z.
8
Suppose 2*m + 3 = 13. What is the remainder when (7/(-3))/(1/(-6)) is divided by m?
4
Suppose -6*v + 94 + 8 = 0. Calculate the remainder when 117 is divided by v.
15
Let a = -10 + 17. Let o be 0 - 0*1/(-3). Suppose o = -3*f + 4 + 35. What is the remainder when f is divided by a